ue
Let n be (6/5)/((-3)/(-1710)). Let v = 203 + -634. Let s = v + n. Is s composite?
True
Let z = -7 - -11. Suppose 5*v + 2 = -z*h + 75, -3*v + 101 = 5*h. Is h a prime number?
False
Let y(h) = -5*h + 1. Is y(-5) a composite number?
True
Let n(f) = 3*f**2 - 9*f + 1. Is n(-7) prime?
True
Let d = -1 - 2. Let s(k) = k**3 + 4*k**2 + 2. Is s(d) a composite number?
False
Suppose -k - 4 = -3*k. Let l be -1 - -2*(6 + k). Let a = -4 + l. Is a composite?
False
Let i(b) = -72*b - 1. Is i(-2) prime?
False
Suppose 3 = -3*p, -3*q = -2*p + 5*p - 24. Let b = 12 - q. Is b composite?
False
Suppose 6*v + 5876 = 10*v. Is v a prime number?
False
Suppose -8*m + 1143 = -1393. Is m prime?
True
Suppose 5052 = 3*k + 3*g, 8410 = 5*k - 0*k + 3*g. Is k composite?
True
Let w(g) = g + 5. Let v be w(0). Suppose v*h - 3*h - 42 = 0. Is h prime?
False
Is 0 + (-10)/(-75) - (-241706)/30 a composite number?
True
Suppose 5*b - 2*h = -12 - 24, -3*b = 4*h + 6. Is ((-231)/b)/((-1)/(-2)) composite?
True
Let m(t) = t**2 + 7*t + 5. Let h be 0/1 - 9 - -2. Let l be m(h). Suppose 5*v - 96 = -4*s, l*s + 2*v = 6*v + 79. Is s a prime number?
True
Suppose 0 = -2*y + 6*y - 1268. Is y a prime number?
True
Suppose 2*f = 2*b + 17042, -f + 0*b + 8521 = -4*b. Is f prime?
True
Let j(g) = -g**3 + 9*g**2 + g - 10. Let m be j(9). Let z = m + 61. Suppose 2*u + z = 4*s - 2*u, 0 = 4*s - 5*u - 56. Is s a composite number?
False
Let x(a) = -7*a**2 + 22*a + 18. Let q(z) = -z**2 + 1. Let k(b) = -6*q(b) + x(b). Is k(11) a prime number?
False
Suppose 0 = 4*j - j + 15, 4*v + j = 7. Suppose 2*l - v*l = 3*z - 218, -1080 = -5*l - 5*z. Is l composite?
True
Let i(j) be the third derivative of j**4/6 + j**3/2 - j**2. Let a be (4/10)/(2/20). Is i(a) a composite number?
False
Let a(d) = d**3 + 8*d**2 + d + 8. Let w be a(-7). Let b be (60/w)/(6/20). Suppose -b*u + 2*c = -u - 125, 3*c - 183 = -5*u. Is u a composite number?
True
Let c be ((-2)/1 - -2)/3. Is c + 0/3 - -163 a prime number?
True
Let y = -2 - -5. Suppose -g + y - 4 = -w, -2*w = -g - 4. Suppose w*p + 33 = 6*p. Is p composite?
False
Let m(o) = -12*o + 0*o - 1 - 3 + 2*o**2 - 6. Is m(14) a composite number?
True
Suppose 2449 - 1004 = 5*i. Is i a prime number?
False
Suppose p + 1 = 11. Let n be (-4)/p - 87/(-5). Suppose t = 4*c - 53, 3*t + 8 = n. Is c prime?
False
Suppose -4*i - 20 = 0, 0*i - 3*i + 1763 = 2*t. Is t prime?
False
Let v(y) be the second derivative of 13*y**5/10 + y**4/12 - y**3/6 + y**2/2 - 5*y. Is v(2) a composite number?
False
Let r(o) = -89*o + 11 - 11. Is r(-1) a prime number?
True
Let i(y) = 18*y**3 - 3*y**2 - y + 2. Let o be i(-2). Let s be (-4)/(-14) + o/(-7). Let a = 68 - s. Is a prime?
False
Suppose -5*b + 2*l - 226 = -703, 0 = -3*b - 5*l + 311. Is b a prime number?
True
Suppose 0 = 2*p - 4 + 8. Let r = 0 - 2. Is 35*r*p/10 prime?
False
Let b(n) = -81*n - 4. Let z(p) = -242*p - 11. Let w(j) = -8*b(j) + 3*z(j). Is w(-1) composite?
True
Let o(c) = 1246*c**2 + c + 5. Is o(-2) prime?
True
Let d = -710 + 2108. Suppose -5*y - 30 = -m - 0*y, -m + 3*y = -20. Is d/15 + (-1)/m a composite number?
True
Is 20/(-10)*(0 - 67) prime?
False
Is 960 - -2*(-20)/(-8) prime?
False
Let o be 10926/54 - 2/6. Suppose 489 = q - o. Is q prime?
True
Suppose -3*g + 5*g - 4 = 0. Suppose 3*p = 4*m + 4*p - 503, 117 = m + g*p. Is m a prime number?
True
Let b(v) = v**3 - 6*v**2 + 3*v - 1. Let c(q) = -2*q**3 + 13*q**2 - 5*q + 1. Let l = -9 - -16. Let o(j) = l*b(j) + 4*c(j). Is o(5) composite?
False
Is ((-1)/(-6))/((-1)/(-2))*786 prime?
False
Let w = -319 + 464. Is w prime?
False
Let r(v) = 38*v**2 + 3*v + 2. Let j be r(5). Suppose -2*m - 3*p + j = 0, 2*p - 501 = -m - 3*p. Is 6/(-4)*m/(-6) prime?
False
Let n = 1 + 23. Let f = -15 + n. Is 186/f - 2/(-6) composite?
True
Suppose 3*n - b + 151 = 6*n, -b - 206 = -4*n. Is n composite?
True
Let p(m) = 7 + m**2 + 10*m + 2 - 1. Let w be p(-8). Let y(s) = -s**3 - 9*s**2 - 12*s - 11. Is y(w) a composite number?
True
Let w(c) = 2*c + 1. Let t be w(4). Is 3/t*6 - -177 a prime number?
True
Is 1445/10 + (-3)/(-6) prime?
False
Let d(c) = -3*c**3 - 2*c**2 + 15*c - 3. Is d(-8) composite?
True
Let l(y) = -y**3 + y**2 + 2*y - 1. Let d be l(-3). Let s = 60 - d. Is s a composite number?
False
Suppose -3*p - j = -2310, p - 5*j - 255 = 499. Is p a prime number?
True
Suppose 0 = -f - 5, 6*f - f = 5*z - 1075. Let o = z - -545. Is o a prime number?
False
Let n(o) = -o**2 - 8*o - 1. Let s be n(-8). Is (s + 273/6)*2 prime?
True
Suppose 0 - 5 = i. Is i/2*(4 - 30) composite?
True
Let q = 28 - 7. Is q prime?
False
Let u be 3 - (-2 + 2 - 0). Suppose j + 2*r - 66 = 0, j - 41 - 20 = -u*r. Let f = j + 13. Is f a composite number?
False
Suppose -10 = -3*v + 8*v. Suppose -5*p = -0*p - 50. Is 8/p*(-25)/v a composite number?
True
Let n(w) be the third derivative of 13*w**4/12 - w**3/6 - 2*w**2. Is n(2) prime?
False
Let x = -7 - 22. Let y = x + 48. Let w = 30 + y. Is w prime?
False
Let a(x) = -8*x**2 - 8*x + 13. Let i(p) = p**2 + p - 1. Let n(s) = -a(s) - 6*i(s). Is n(-6) prime?
True
Let m be 1/(1 + 2)*3. Let v = m - -8. Suppose -y = -16 - v. Is y composite?
True
Let s = 836 - 183. Is s a composite number?
False
Let f(r) = -2*r**3 - 4*r**2 - 2*r + 12. Let h be f(-6). Suppose -y = 4*y - t - 786, -2*y + t + h = 0. Is y composite?
True
Suppose 0 = 3*t - 3*k - 1011, 0 = t + 4*k - 2*k - 337. Is t a composite number?
False
Let j(x) = -x. Suppose d + d = 3*g - 10, -3*d - 10 = -2*g. Let u be j(d). Is (u/1)/(-2) - -78 prime?
False
Suppose -2*r + 3*r + o + 29 = 0, 0 = -4*r - 2*o - 110. Is (1 - r) + (-3 - -1) a composite number?
True
Let z = 852 + -450. Is ((-2)/6)/((-2)/z) prime?
True
Suppose -3*u + 0 = -12. Suppose -u = -2*o - 0. Is 4*(-1)/o - -135 composite?
True
Let j be 2 + -1 + 11 - 1. Let r(k) = k**2 - 2*k - 10. Is r(j) a prime number?
True
Suppose 3*v = -r + 41, 69 = 2*r + 2*v - 17. Is (-13)/(2 + (-92)/r) prime?
False
Let f(r) = 5*r + 2 + 4*r**2 - 1 - 1 + 2. Is f(5) prime?
True
Suppose -3*j = 2*j. Suppose j = -2*c, -5*k - 1005 = 2*c + 2*c. Is 1/(1/k*-3) prime?
True
Suppose 280 = 6*d - 74. Is d a prime number?
True
Suppose 35*d = 27*d + 4232. Is d a prime number?
False
Suppose -k - k = -2, -k + 141 = 2*d. Suppose -d = -i - i. Is i composite?
True
Let u(r) = 492*r - 41. Is u(7) a prime number?
False
Let d(z) = 3*z + 1. Let b be d(-1). Let n = 3 + b. Let f(w) = 35*w - 1. Is f(n) prime?
False
Let k(p) = -90*p - 1. Let s be k(2). Let z be s/(-5) - (-1)/(-5). Let u = z - 23. Is u a prime number?
True
Suppose 0 = 3*o + 1 + 8. Let g(v) = -65*v - 1. Is g(o) a prime number?
False
Let v(u) = -131*u**3 + 3*u**2 + 3*u + 3. Let m be v(-2). Suppose -3*l - 5*b + 2326 = 0, 4*l - 1996 - m = 3*b. Is l a prime number?
False
Is 8031/21 - (9/(-7))/(-3) composite?
True
Suppose -t + 3*c + 12 = -0*t, 9 = -3*c. Suppose 0 = -4*w + 3*g + 641, 2*w - t*w + 3*g = -158. Is w a composite number?
True
Let s = -5 + 0. Let l be 5 - s/((-5)/2). Suppose 0 = -2*g - l*g + 325. Is g a composite number?
True
Let n(l) = 3*l**2 - 27*l - 30. Let j(z) = -2*z**2 + 13*z + 15. Let u(x) = 5*j(x) + 3*n(x). Is u(-14) a composite number?
False
Let c(u) = 7*u**2 - 2*u - 6. Let k be (-3*5/3)/1. Is c(k) prime?
True
Let c = -1379 + 2336. Let a = c - 683. Is a composite?
True
Let q(j) = 6*j**2 - 25. Let r(h) = 3*h**2 - 13. Let a(s) = 6*q(s) - 11*r(s). Let c(z) = -4*z - 6. Let n be c(-4). Is a(n) a composite number?
False
Is ((-680)/32)/(2/(-8)) a composite number?
True
Let h(j) = j**3 + 3*j**2 + 3*j + 4. Let u be h(-3). Let r(k) = 6*k**2 - 8*k + 1. Is r(u) a prime number?
True
Suppose h + 127 = -4*i + 718, -2*i + 306 = 4*h. Let z = 253 - i. Is z a composite number?
True
Suppose 2*c - 1 = 7. Suppose 0*s + s - 14 = -c*x, 3*s + 5*x - 42 = 0. Is s a prime number?
False
Let c(j) = 2*j**2 + 5*j - 4. Let n be c(-4). Let w = n - 5. Suppose u + 44 = w*u. Is u composite?
True
Let q(f) = 70*f**3 + 4*f**2 + 6*f + 1. Is q(4) a composite number?
True
Let q = 67 - -144. Is q prime?
True
Let d be (-2)/5 - 22/(-5). Let a be (-1 + d)*17/3. Suppose -a = -i + 4. Is i composite?
True
Suppose 0 = -4*d + 5*b + 465, -b + 5 = -2*b. Suppose 49 = 3*m - d. Is m a composite number?
False
Suppose -2*p + 3*y + 3 = 2*y, -2*p + 3*y = -1. Let a = 20 + -12. Let d = p + a. Is d prime?
False
Is (10*(-11 + 4))/(-2) a prime number?
False
Suppose 0 = 4*d + 14 + 14. 